+ 3*d**2 + 4. Let q be j(z). Suppose 169 = 3*s - 5*w, 55 + q = 3*s - 4*w. Is s composite?
False
Let u(o) be the first derivative of 23*o**2 - 4*o - 8. Is u(3) prime?
False
Let w(r) = 15*r**2 - 9*r - 2. Let p be w(-4). Let g = 481 + p. Is g a composite number?
True
Let k(d) = d + 84. Let g be k(0). Let h = 2 - -8. Suppose -h*n = -6*n - g. Is n composite?
True
Let n = 11 + -6. Let f be 121 + 0/1 + -2. Suppose -2*y + f = -n*b, 3*y - 122 - 34 = 3*b. Is y prime?
True
Suppose 66 = 3*z - 0*s - 2*s, 4*s + 72 = 3*z. Let w = z + -50. Let c = w - -367. Is c a composite number?
False
Suppose -18*h + 1804 + 16196 = 0. Suppose 0 = -t + v + h + 707, -3*v = -t + 1703. Is t a composite number?
False
Suppose -9*o = -4*o - 30. Let c(j) = -o - 2*j + 3 - 8*j. Is c(-4) composite?
False
Is 6 + 172 + 4 + 3 composite?
True
Let p(i) = 228*i + 1. Let y be 12 + (-4)/((-16)/(-12)). Suppose -2*o - 2 = 0, -4*n + y*n + 5*o - 10 = 0. Is p(n) a prime number?
False
Suppose 14*d - 190590 = -16*d. Is d a composite number?
False
Suppose 5*r - 3*q = -20 + 62, 13 = 2*r - 5*q. Let j(w) = -8*w - 14. Let t(d) = -9*d - 14. Let s(n) = 2*j(n) - 3*t(n). Is s(r) a composite number?
False
Let u = 21 - 19. Suppose 4*r = u*b + 822 + 3592, b = -r + 1099. Let m = -785 + r. Is m composite?
False
Is 1 + (-9 - -2) + 2159*37 composite?
True
Let v(n) = 14 + 1 + 4*n**3 + 4*n - 8*n**2 - 2*n. Is v(8) composite?
False
Let c = 42500 - 2643. Is c prime?
True
Suppose 3*o - 710 = -2837. Let i = o - -1005. Let w = -155 + i. Is w composite?
True
Let n be 2571/(-4) + (-3)/(-4). Let u = -391 - n. Is u composite?
False
Let d = -1816 - -4828. Suppose -4*r + d = z + z, -3*z = -2*r + 1506. Suppose 2*x - 5*x = -r. Is x prime?
True
Let v(j) = 0*j**2 + j**3 - 5 + 6*j**2 - j - 4*j**2 + 1. Let x be v(-2). Let s(d) = 14*d**2 + 2. Is s(x) composite?
True
Let x = -57 - -189. Suppose 5*q = i - x, 0 = 2*i + 2*i + q - 507. Is i prime?
True
Let l be 2/(-20)*-5*(1 - -9). Suppose -1579 = -3*z - l*u, -673 = -5*z - 2*u + 1984. Is z a prime number?
False
Suppose 0 = -4*q - 528 - 92. Let b = 244 + q. Is b a composite number?
False
Let m(x) = -x**2 + 2*x + 6. Let k be m(3). Suppose -k*h = -h - 6518. Is h a prime number?
True
Is -1 + 2 + (4738 + -4 - 6) composite?
False
Let l(d) = -6 + d + 6*d**2 + 2 - 4 - d**3 + 4*d**2. Let f be l(10). Suppose -f - 5 = -n. Is n a composite number?
False
Let t(h) = 300*h + 991. Is t(10) a prime number?
False
Let k(u) = u**3 + 13*u**2 + 9*u + 1. Let w be k(-9). Suppose 5*t + w = -126. Let s = t - -121. Is s a prime number?
True
Let h(v) = 10501*v + 60. Is h(1) a composite number?
True
Suppose -3*y = 2*i - 13, -4*y + 7 = -2*i - 15. Suppose -5064 = -3*q - y*q. Is q prime?
False
Let n = 84 + -39. Suppose -z - n = -667. Is z composite?
True
Let v(f) = -46*f + 35. Is v(-12) composite?
False
Let b be (-2)/(-1) + (-16 - 1). Let h = b + 1. Let v = h + 25. Is v composite?
False
Suppose 3*z = 5*l - 21, 4 = l + 2*z + 5. Suppose l*t + 1177 = 7096. Is t prime?
True
Let m(h) = 82*h**2 + 2*h - 19. Is m(-7) composite?
True
Let x = 105 + -101. Suppose -11*r = -x*k - 7*r + 7056, -5*k + r + 8808 = 0. Is k a prime number?
False
Suppose -5*c + 2195 = 2*h, 5*c + 2*h - 7*h - 2160 = 0. Suppose 2*u = 2*a - 898, -c = -4*a + 3*a - 5*u. Is a a prime number?
False
Let m(b) = -b**2 + 3*b + 10. Let g be m(5). Let v be 18/(-27)*(g - 15). Suppose 4*z - 5*w + v*w - 148 = 0, w = 5*z - 185. Is z composite?
False
Let f(n) = -40*n - 1 - 10*n**3 + n**2 + 38*n + 4*n**3 - 10. Is f(-4) a composite number?
False
Let h = 12 - 11. Let l be (8/(-16))/(h/8). Is (2 - 8)/(l/74) a prime number?
False
Let m = -4 + 45. Let a = m - 10. Is a composite?
False
Let q = 746 - 347. Suppose -6*b = -13*b + q. Is b composite?
True
Suppose 6*p - 31 = 11*p + 4*c, 0 = -3*p - 3*c - 21. Is (0 - p - -2565) + -2 a prime number?
False
Suppose -3*z + 5*c - 2*c = -4623, 5*c = -2*z + 3096. Is z a composite number?
False
Let l = 17 + -22. Is 3/l - ((-17718)/5 + -2) composite?
True
Let p = 31 - -39. Suppose 4*v - 56 = -5*y, 0*v + p = 5*v - y. Is v a composite number?
True
Let j(w) = 31*w**3 + 15*w**2 - 25*w + 4. Is j(7) a prime number?
True
Is (60557/(-287))/((4/10)/(-2)) composite?
True
Suppose k - 5*a = -6, -4*k - 2*a = 2*a - 24. Suppose -3*x = -4*q + 527, 520 = 4*q + k*x - 0*x. Is q prime?
True
Suppose 9*f - 454 = 7*f. Let m = 12 + f. Is m a prime number?
True
Suppose 8*q - 12526 - 1122 = 0. Is q prime?
False
Suppose -245 = -19*v + 14*v. Is 7798/v + 1/(-7) prime?
False
Let v be 8/6 + 40/15. Suppose -v*n = -0*n - 8. Is (314/(-4))/((-1)/n) a prime number?
True
Let k be (0 - 2)*(-739 + -1). Suppose 5*d + 2*j - k = -233, -d + 231 = 5*j. Is d a prime number?
True
Let w be ((-18)/4)/((-21)/14). Let a(l) = -2*l**2 - 3*l - 3*l - l**3 - 7 - l**w + 0*l. Is a(-3) a prime number?
True
Suppose 0*w - 3*w = -6. Suppose 0 = 2*k - 10 - 4. Suppose w*p + 1175 = k*p. Is p composite?
True
Is (-4)/10*(-67475)/10 prime?
True
Let l = -106 - -107. Suppose 0 = -q - l, 0*q = -4*h - 2*q + 482. Is h a composite number?
True
Suppose 2*i = 2*c - 1256, -c - i + 660 = 42. Is c composite?
True
Let d(r) = 1929*r + 2. Suppose 0*q = -5*q - 3*z - 1, 4*q - 5*z - 14 = 0. Is d(q) prime?
True
Suppose -3*k - 2*a = -5, 0 = 4*a + 9 + 11. Let o be ((-45)/9)/(k/(-6)). Is 4/(9/(999/o)) a prime number?
False
Suppose 2*q + 216 = 5*q. Suppose 3*z - z + q = 0. Let l = z + 55. Is l prime?
True
Let j be 3/1*1 - 1. Let s(g) = 0 - 12*g**3 - 2*g**2 + 5 - 3 - g**j. Is s(-2) a composite number?
True
Let g = 256 + 7019. Suppose -q = 5*h + 2290 - g, 4*h = -3*q + 3988. Is h prime?
True
Suppose -4*m + 1782 = -3*f, 0 = f + 3*m + 2*m + 575. Let r = f - -1927. Is r a prime number?
False
Let o(a) = a**3 + a - 25. Let l be o(0). Let u be 39/15 - (-15)/l. Suppose 2*v - u*c = 260, 3*v + c + c - 375 = 0. Is v a composite number?
False
Let a = 1092 + -703. Is a prime?
True
Suppose 5*q + 9147 = d, 3*d - 2*q - 4768 = 22621. Is d a prime number?
True
Let a be 4/(-6) + (-6)/(-9). Suppose a = 4*n + 220 - 0. Let i = n - -114. Is i composite?
False
Let g(o) be the second derivative of o**5/10 - o**4/4 - o**3/2 - 2*o**2 - 9*o. Let c be g(3). Is (-4)/14 + 2496/c composite?
True
Suppose -3*q = 3*l + 2*l - 189447, -5*l = q - 63139. Suppose -q = -3*m - 11*m. Is m a composite number?
True
Suppose j - 3835 - 2802 = 0. Is j composite?
False
Let t = -1668 + 2897. Is t composite?
False
Let m = 656 + -77. Let b be -2*2/12*m. Let j = 10 - b. Is j prime?
False
Let u = 6228 - 3387. Let d = u + -1936. Is d composite?
True
Let k = 167 - -162. Is k prime?
False
Let h be ((-8)/6)/((-6)/9). Suppose -2*m + 34 = -5*r, -3*m - 4*r = 4 - 32. Suppose 0 = h*b - m - 30. Is b a prime number?
False
Suppose r + 0 = -1. Suppose 0 = -4*f - i + 16, -4*f - 11 = 3*i - 35. Is (-1)/(r*f/6) prime?
True
Let r be (2/4)/(12/(-72)). Let m = r - -24. Is m prime?
False
Let c(r) = r + 11. Suppose 3 = -3*d + 6. Let g be -1*d - (-5)/5. Is c(g) composite?
False
Is (4083*3/18*-22)/(-1) a prime number?
False
Let y = 41 - -1466. Is y a composite number?
True
Suppose 5*g + 68 = 1428. Let z = g + -175. Is z a composite number?
False
Let x = 10 + -10. Suppose x = -k + 3*k - 8. Suppose 0 = -4*r + k*q + 880, 3*q = 5*r - 4*r - 230. Is r prime?
False
Suppose 23*h - 30609 = 14*h. Is h a prime number?
False
Suppose 2*s = -23 + 1. Let n = 9 + s. Is 117 - (n - (2 + -2)) prime?
False
Suppose -10*q - 2 + 32 = 0. Let s(b) = 91*b - 10. Is s(q) a prime number?
True
Let w = 7444 + -4145. Is w prime?
True
Let j = 22 - 7. Let l = 18 - j. Suppose 19 = z + t, 0 = -2*z + 2*t - l*t + 42. Is z a composite number?
False
Suppose n - 4813 = -3*n - t, n = -3*t + 1206. Let o = n + -296. Is o a prime number?
True
Let r(a) = 24*a**2 + a - 6. Let b be r(-5). Suppose 5*v - 2274 = -b. Suppose 0 = 5*q - 2412 + v. Is q composite?
True
Let m = 102100 - 20139. Is m a prime number?
False
Let t(v) = 5*v**2 - 26*v - 11. Is t(22) prime?
False
Suppose 13*j - 12*j - 12 = 0. Suppose 31*i = 32*i - j. Suppose -i = -4*t, 5*c - 2*t - 3932 = -t. Is c a composite number?
False
Let v(b) = b**3 - 9*b**2 + 29*b - 49. Is v(20) composite?
False
Let m(s) = -2*s**3 - 7*s**2 + 8*s - 9. Is m(-10) prime?
False
Let z(d) = -4*d**3 - 12*d - 3. Let x(w) = 4*w - 1. Let r be x(-1). Is z(r) a prime number?
True
Let q(a) = 4*a**2 - 9*a + 1. Let s(d) = d**2 + 1. Le